{"id":2697,"date":"2025-08-18T16:32:45","date_gmt":"2025-08-18T16:32:45","guid":{"rendered":"https:\/\/ofsip.lu\/ufaq\/quelle-est-la-duree-de-vos-formations-en-sante-et-securite-au-travail\/"},"modified":"2025-08-18T16:32:45","modified_gmt":"2025-08-18T16:32:45","slug":"quelle-est-la-duree-de-vos-formations-en-sante-et-securite-au-travail","status":"publish","type":"ufaq","link":"https:\/\/ofsip.lu\/en\/ufaq\/quelle-est-la-duree-de-vos-formations-en-sante-et-securite-au-travail\/","title":{"rendered":"Quelle est la dur\u00e9e de vos formations en sant\u00e9 et s\u00e9curit\u00e9 au travail ?"},"content":{"rendered":"<div  class=\"ewd-ufaq-faq-list ewd-ufaq-page-type-distinct\" id='ewd-ufaq-faq-list'>\n\n\t<input type='hidden' name='show_on_load' value='' id='ewd-ufaq-show-on-load' \/>\n<input type='hidden' name='include_category' value='' id='ewd-ufaq-include-category' \/>\n<input type='hidden' name='exclude_category' value='' id='ewd-ufaq-exclude-category' \/>\n<input type='hidden' name='orderby' value='title' id='ewd-ufaq-orderby' \/>\n<input type='hidden' name='order' value='asc' id='ewd-ufaq-order' \/>\n<input type='hidden' name='post_count' value='-1' id='ewd-ufaq-post-count' \/>\n<input type='hidden' name='current_url' value='\/en\/wp-json\/wp\/v2\/ufaq\/2697' id='ewd-ufaq-current-url' \/>\n\t\n\t\n\t<div class='ewd-ufaq-faqs'>\n\n\t\t<div  class=\"ewd-ufaq-faq-div ewd-ufaq-faq-column-count-one ewd-ufaq-faq-responsive-columns- ewd-ufaq-faq-display-style-default ewd-ufaq-can-be-toggled\" id='ewd-ufaq-post-2697-auG3dxpbYb' data-post_id='2697'>\n\n\t<div class='ewd-ufaq-faq-title ewd-ufaq-faq-toggle'>\n\t\n\t<a class='ewd-ufaq-post-margin'  href='#' role=\"button\">\n\n\t\t<div class='ewd-ufaq-post-margin-symbol ewd-ufaq-'>\n\t\t\t<span >A<\/span>\n\t\t<\/div>\n\n\t\t<div class='ewd-ufaq-faq-title-text'>\n\n\t\t\t<h4>\n\t\t\t\tQuelle est la dur\u00e9e de vos formations en sant\u00e9 et s\u00e9curit\u00e9 au travail ?\t\t\t<\/h4>\n\n\t\t<\/div>\n\n\t\t<div class='ewd-ufaq-clear'><\/div>\n\n\t<\/a>\n\t\n<\/div>\n\t\n\t<div class='ewd-ufaq-faq-body' >\n\n\t\t\n\t\t\t<div class='ewd-ufaq-faq-categories'>\n\t\n\tCategory:\n\t\n\t\tFormations\n\t\n<\/div>\n\t\t\n\t\t\t<div class='ewd-ufaq-post-margin ewd-ufaq-faq-post'>\n\t<p>Tout d\u00e9pend de la formation souhait\u00e9e. Nous proposons des formations certifiantes avec des dur\u00e9es impos\u00e9es par les autorit\u00e9s comp\u00e9tences et des formations non certifiantes avec des dur\u00e9es pr\u00e9d\u00e9finies mais qui peuvent \u00eatre modifier selon le besoin<\/p>\n<\/div>\n\t\t\n\t\t\t\n\t\t\n\t\t\t\n\t\t\n\t\t\t\n\t\t\n\t\t\t\n\t\t\n\t\t\t\n\t\t\n\t\t\t\n\t\t\n\t\t\t\n\t\t\n\t\t\t\n\t\t\n\t<\/div>\n\n<\/div>\n\t<\/div>\n\n\t\n<\/div>","protected":false},"excerpt":{"rendered":"<p>A Quelle est la dur\u00e9e de vos formations en sant\u00e9 et s\u00e9curit\u00e9 au travail ? Category: Formations Tout d\u00e9pend de la formation souhait\u00e9e. Nous proposons des formations certifiantes avec des dur\u00e9es impos\u00e9es par les autorit\u00e9s comp\u00e9tences et des formations non certifiantes avec des dur\u00e9es pr\u00e9d\u00e9finies mais qui peuvent \u00eatre modifier selon le besoin<\/p>","protected":false},"author":1,"comment_status":"","ping_status":"closed","template":"","ufaq-category":[46],"ufaq-tag":[],"class_list":["post-2697","ufaq","type-ufaq","status-publish","hentry","ufaq-category-formations"],"yoast_head":"<!-- This site is optimized with the Yoast SEO plugin v25.4 - https:\/\/yoast.com\/wordpress\/plugins\/seo\/ -->\n<title>Quelle est la dur\u00e9e de vos formations en sant\u00e9 et s\u00e9curit\u00e9 au travail ? - OFSIP<\/title>\n<meta name=\"robots\" content=\"index, follow, max-snippet:-1, max-image-preview:large, max-video-preview:-1\" \/>\n<link rel=\"canonical\" href=\"https:\/\/ofsip.lu\/en\/ufaq\/quelle-est-la-duree-de-vos-formations-en-sante-et-securite-au-travail\/\" \/>\n<meta property=\"og:locale\" content=\"en_GB\" \/>\n<meta property=\"og:type\" content=\"article\" \/>\n<meta property=\"og:title\" content=\"Quelle est la dur\u00e9e de vos formations en sant\u00e9 et s\u00e9curit\u00e9 au travail ? - OFSIP\" \/>\n<meta property=\"og:description\" content=\"A Quelle est la dur\u00e9e de vos formations en sant\u00e9 et s\u00e9curit\u00e9 au travail ? Category: Formations Tout d\u00e9pend de la formation souhait\u00e9e. Nous proposons des formations certifiantes avec des dur\u00e9es impos\u00e9es par les autorit\u00e9s comp\u00e9tences et des formations non certifiantes avec des dur\u00e9es pr\u00e9d\u00e9finies mais qui peuvent \u00eatre modifier selon le besoin\" \/>\n<meta property=\"og:url\" content=\"https:\/\/ofsip.lu\/en\/ufaq\/quelle-est-la-duree-de-vos-formations-en-sante-et-securite-au-travail\/\" \/>\n<meta property=\"og:site_name\" content=\"OFSIP\" \/>\n<meta name=\"twitter:card\" content=\"summary_large_image\" \/>\n<script type=\"application\/ld+json\" class=\"yoast-schema-graph\">{\"@context\":\"https:\/\/schema.org\",\"@graph\":[{\"@type\":\"WebPage\",\"@id\":\"https:\/\/ofsip.lu\/ufaq\/quelle-est-la-duree-de-vos-formations-en-sante-et-securite-au-travail\/\",\"url\":\"https:\/\/ofsip.lu\/ufaq\/quelle-est-la-duree-de-vos-formations-en-sante-et-securite-au-travail\/\",\"name\":\"Quelle est la dur\u00e9e de vos formations en sant\u00e9 et s\u00e9curit\u00e9 au travail ? - OFSIP\",\"isPartOf\":{\"@id\":\"https:\/\/ofsip.lu\/#website\"},\"datePublished\":\"2025-08-18T16:32:45+00:00\",\"breadcrumb\":{\"@id\":\"https:\/\/ofsip.lu\/ufaq\/quelle-est-la-duree-de-vos-formations-en-sante-et-securite-au-travail\/#breadcrumb\"},\"inLanguage\":\"en-GB\",\"potentialAction\":[{\"@type\":\"ReadAction\",\"target\":[\"https:\/\/ofsip.lu\/ufaq\/quelle-est-la-duree-de-vos-formations-en-sante-et-securite-au-travail\/\"]}]},{\"@type\":\"BreadcrumbList\",\"@id\":\"https:\/\/ofsip.lu\/ufaq\/quelle-est-la-duree-de-vos-formations-en-sante-et-securite-au-travail\/#breadcrumb\",\"itemListElement\":[{\"@type\":\"ListItem\",\"position\":1,\"name\":\"Home\",\"item\":\"https:\/\/ofsip.lu\/\"},{\"@type\":\"ListItem\",\"position\":2,\"name\":\"FAQs\",\"item\":\"https:\/\/ofsip.lu\/ufaq\/\"},{\"@type\":\"ListItem\",\"position\":3,\"name\":\"Quelle est la dur\u00e9e de vos formations en sant\u00e9 et s\u00e9curit\u00e9 au travail ?\"}]},{\"@type\":\"WebSite\",\"@id\":\"https:\/\/ofsip.lu\/#website\",\"url\":\"https:\/\/ofsip.lu\/\",\"name\":\"OFSIP\",\"description\":\"S\u00e9curiser l&#039;humain, renforcer l&#039;entreprise\",\"publisher\":{\"@id\":\"https:\/\/ofsip.lu\/#organization\"},\"potentialAction\":[{\"@type\":\"SearchAction\",\"target\":{\"@type\":\"EntryPoint\",\"urlTemplate\":\"https:\/\/ofsip.lu\/?s={search_term_string}\"},\"query-input\":{\"@type\":\"PropertyValueSpecification\",\"valueRequired\":true,\"valueName\":\"search_term_string\"}}],\"inLanguage\":\"en-GB\"},{\"@type\":\"Organization\",\"@id\":\"https:\/\/ofsip.lu\/#organization\",\"name\":\"OFSIP\",\"url\":\"https:\/\/ofsip.lu\/\",\"logo\":{\"@type\":\"ImageObject\",\"inLanguage\":\"en-GB\",\"@id\":\"https:\/\/ofsip.lu\/#\/schema\/logo\/image\/\",\"url\":\"https:\/\/ofsip.lu\/wp-content\/uploads\/2025\/07\/Logo-OFSIP-Color-sans-detail.png\",\"contentUrl\":\"https:\/\/ofsip.lu\/wp-content\/uploads\/2025\/07\/Logo-OFSIP-Color-sans-detail.png\",\"width\":486,\"height\":460,\"caption\":\"OFSIP\"},\"image\":{\"@id\":\"https:\/\/ofsip.lu\/#\/schema\/logo\/image\/\"}}]}<\/script>\n<!-- \/ Yoast SEO plugin. -->","yoast_head_json":{"title":"Quelle est la dur\u00e9e de vos formations en sant\u00e9 et s\u00e9curit\u00e9 au travail ? - OFSIP","robots":{"index":"index","follow":"follow","max-snippet":"max-snippet:-1","max-image-preview":"max-image-preview:large","max-video-preview":"max-video-preview:-1"},"canonical":"https:\/\/ofsip.lu\/en\/ufaq\/quelle-est-la-duree-de-vos-formations-en-sante-et-securite-au-travail\/","og_locale":"en_GB","og_type":"article","og_title":"Quelle est la dur\u00e9e de vos formations en sant\u00e9 et s\u00e9curit\u00e9 au travail ? - OFSIP","og_description":"A Quelle est la dur\u00e9e de vos formations en sant\u00e9 et s\u00e9curit\u00e9 au travail ? Category: Formations Tout d\u00e9pend de la formation souhait\u00e9e. Nous proposons des formations certifiantes avec des dur\u00e9es impos\u00e9es par les autorit\u00e9s comp\u00e9tences et des formations non certifiantes avec des dur\u00e9es pr\u00e9d\u00e9finies mais qui peuvent \u00eatre modifier selon le besoin","og_url":"https:\/\/ofsip.lu\/en\/ufaq\/quelle-est-la-duree-de-vos-formations-en-sante-et-securite-au-travail\/","og_site_name":"OFSIP","twitter_card":"summary_large_image","schema":{"@context":"https:\/\/schema.org","@graph":[{"@type":"WebPage","@id":"https:\/\/ofsip.lu\/ufaq\/quelle-est-la-duree-de-vos-formations-en-sante-et-securite-au-travail\/","url":"https:\/\/ofsip.lu\/ufaq\/quelle-est-la-duree-de-vos-formations-en-sante-et-securite-au-travail\/","name":"Quelle est la dur\u00e9e de vos formations en sant\u00e9 et s\u00e9curit\u00e9 au travail ? - OFSIP","isPartOf":{"@id":"https:\/\/ofsip.lu\/#website"},"datePublished":"2025-08-18T16:32:45+00:00","breadcrumb":{"@id":"https:\/\/ofsip.lu\/ufaq\/quelle-est-la-duree-de-vos-formations-en-sante-et-securite-au-travail\/#breadcrumb"},"inLanguage":"en-GB","potentialAction":[{"@type":"ReadAction","target":["https:\/\/ofsip.lu\/ufaq\/quelle-est-la-duree-de-vos-formations-en-sante-et-securite-au-travail\/"]}]},{"@type":"BreadcrumbList","@id":"https:\/\/ofsip.lu\/ufaq\/quelle-est-la-duree-de-vos-formations-en-sante-et-securite-au-travail\/#breadcrumb","itemListElement":[{"@type":"ListItem","position":1,"name":"Home","item":"https:\/\/ofsip.lu\/"},{"@type":"ListItem","position":2,"name":"FAQs","item":"https:\/\/ofsip.lu\/ufaq\/"},{"@type":"ListItem","position":3,"name":"Quelle est la dur\u00e9e de vos formations en sant\u00e9 et s\u00e9curit\u00e9 au travail ?"}]},{"@type":"WebSite","@id":"https:\/\/ofsip.lu\/#website","url":"https:\/\/ofsip.lu\/","name":"OFSIP","description":"S\u00e9curiser l&#039;humain, renforcer l&#039;entreprise","publisher":{"@id":"https:\/\/ofsip.lu\/#organization"},"potentialAction":[{"@type":"SearchAction","target":{"@type":"EntryPoint","urlTemplate":"https:\/\/ofsip.lu\/?s={search_term_string}"},"query-input":{"@type":"PropertyValueSpecification","valueRequired":true,"valueName":"search_term_string"}}],"inLanguage":"en-GB"},{"@type":"Organization","@id":"https:\/\/ofsip.lu\/#organization","name":"OFSIP","url":"https:\/\/ofsip.lu\/","logo":{"@type":"ImageObject","inLanguage":"en-GB","@id":"https:\/\/ofsip.lu\/#\/schema\/logo\/image\/","url":"https:\/\/ofsip.lu\/wp-content\/uploads\/2025\/07\/Logo-OFSIP-Color-sans-detail.png","contentUrl":"https:\/\/ofsip.lu\/wp-content\/uploads\/2025\/07\/Logo-OFSIP-Color-sans-detail.png","width":486,"height":460,"caption":"OFSIP"},"image":{"@id":"https:\/\/ofsip.lu\/#\/schema\/logo\/image\/"}}]}},"jetpack_sharing_enabled":true,"_links":{"self":[{"href":"https:\/\/ofsip.lu\/en\/wp-json\/wp\/v2\/ufaq\/2697","targetHints":{"allow":["GET"]}}],"collection":[{"href":"https:\/\/ofsip.lu\/en\/wp-json\/wp\/v2\/ufaq"}],"about":[{"href":"https:\/\/ofsip.lu\/en\/wp-json\/wp\/v2\/types\/ufaq"}],"author":[{"embeddable":true,"href":"https:\/\/ofsip.lu\/en\/wp-json\/wp\/v2\/users\/1"}],"replies":[{"embeddable":true,"href":"https:\/\/ofsip.lu\/en\/wp-json\/wp\/v2\/comments?post=2697"}],"wp:attachment":[{"href":"https:\/\/ofsip.lu\/en\/wp-json\/wp\/v2\/media?parent=2697"}],"wp:term":[{"taxonomy":"ufaq-category","embeddable":true,"href":"https:\/\/ofsip.lu\/en\/wp-json\/wp\/v2\/ufaq-category?post=2697"},{"taxonomy":"ufaq-tag","embeddable":true,"href":"https:\/\/ofsip.lu\/en\/wp-json\/wp\/v2\/ufaq-tag?post=2697"}],"curies":[{"name":"wp","href":"https:\/\/api.w.org\/{rel}","templated":true}]}}

Quelle est la durée de vos formations en santé et sécurité au travail ?

<div  class="ewd-ufaq-faq-list ewd-ufaq-page-type-distinct" id='ewd-ufaq-faq-list'>

	<input type='hidden' name='show_on_load' value='' id='ewd-ufaq-show-on-load' />
<input type='hidden' name='include_category' value='' id='ewd-ufaq-include-category' />
<input type='hidden' name='exclude_category' value='' id='ewd-ufaq-exclude-category' />
<input type='hidden' name='orderby' value='title' id='ewd-ufaq-orderby' />
<input type='hidden' name='order' value='asc' id='ewd-ufaq-order' />
<input type='hidden' name='post_count' value='-1' id='ewd-ufaq-post-count' />
<input type='hidden' name='current_url' value='/en/wp-json/wp/v2/ufaq/2697' id='ewd-ufaq-current-url' />
	
	
	<div class='ewd-ufaq-faqs'>

		<div  class="ewd-ufaq-faq-div ewd-ufaq-faq-column-count-one ewd-ufaq-faq-responsive-columns- ewd-ufaq-faq-display-style-default ewd-ufaq-can-be-toggled" id='ewd-ufaq-post-2697-auG3dxpbYb' data-post_id='2697'>

	<div class='ewd-ufaq-faq-title ewd-ufaq-faq-toggle'>
	
	<a class='ewd-ufaq-post-margin'  href='#' role="button">

		<div class='ewd-ufaq-post-margin-symbol ewd-ufaq-'>
			<span >A</span>
		</div>

		<div class='ewd-ufaq-faq-title-text'>

			<h4>
				Quelle est la durée de vos formations en santé et sécurité au travail ?			</h4>

		</div>

		<div class='ewd-ufaq-clear'></div>

	</a>
	
</div>
	
	<div class='ewd-ufaq-faq-body' >

		
			<div class='ewd-ufaq-faq-categories'>
	
	Category:
	
		Formations
	
</div>
		
			<div class='ewd-ufaq-post-margin ewd-ufaq-faq-post'>
	<p>Tout dépend de la formation souhaitée. Nous proposons des formations certifiantes avec des durées imposées par les autorités compétences et des formations non certifiantes avec des durées prédéfinies mais qui peuvent être modifier selon le besoin</p>
</div>
		
			
		
			
		
			
		
			
		
			
		
			
		
			
		
			
		
	</div>

</div>
	</div>

	
</div>

<p>A Quelle est la durée de vos formations en santé et sécurité au travail ? Category: Formations Tout dépend de la formation souhaitée. Nous proposons des formations certifiantes avec des durées imposées par les autorités compétences et des formations non certifiantes avec des durées prédéfinies mais qui peuvent être modifier selon le besoin</p>

<!-- This site is optimized with the Yoast SEO plugin v25.4 - https://yoast.com/wordpress/plugins/seo/ -->
<title>Quelle est la durée de vos formations en santé et sécurité au travail ? - OFSIP</title>
<meta name="robots" content="index, follow, max-snippet:-1, max-image-preview:large, max-video-preview:-1" />
<link rel="canonical" href="https://ofsip.lu/en/ufaq/quelle-est-la-duree-de-vos-formations-en-sante-et-securite-au-travail/" />
<meta property="og:locale" content="en_GB" />
<meta property="og:type" content="article" />
<meta property="og:title" content="Quelle est la durée de vos formations en santé et sécurité au travail ? - OFSIP" />
<meta property="og:description" content="A Quelle est la durée de vos formations en santé et sécurité au travail ? Category: Formations Tout dépend de la formation souhaitée. Nous proposons des formations certifiantes avec des durées imposées par les autorités compétences et des formations non certifiantes avec des durées prédéfinies mais qui peuvent être modifier selon le besoin" />
<meta property="og:url" content="https://ofsip.lu/en/ufaq/quelle-est-la-duree-de-vos-formations-en-sante-et-securite-au-travail/" />
<meta property="og:site_name" content="OFSIP" />
<meta name="twitter:card" content="summary_large_image" />
<script type="application/ld+json" class="yoast-schema-graph">{"@context":"https://schema.org","@graph":[{"@type":"WebPage","@id":"https://ofsip.lu/ufaq/quelle-est-la-duree-de-vos-formations-en-sante-et-securite-au-travail/","url":"https://ofsip.lu/ufaq/quelle-est-la-duree-de-vos-formations-en-sante-et-securite-au-travail/","name":"Quelle est la durée de vos formations en santé et sécurité au travail ? - OFSIP","isPartOf":{"@id":"https://ofsip.lu/#website"},"datePublished":"2025-08-18T16:32:45+00:00","breadcrumb":{"@id":"https://ofsip.lu/ufaq/quelle-est-la-duree-de-vos-formations-en-sante-et-securite-au-travail/#breadcrumb"},"inLanguage":"en-GB","potentialAction":[{"@type":"ReadAction","target":["https://ofsip.lu/ufaq/quelle-est-la-duree-de-vos-formations-en-sante-et-securite-au-travail/"]}]},{"@type":"BreadcrumbList","@id":"https://ofsip.lu/ufaq/quelle-est-la-duree-de-vos-formations-en-sante-et-securite-au-travail/#breadcrumb","itemListElement":[{"@type":"ListItem","position":1,"name":"Home","item":"https://ofsip.lu/"},{"@type":"ListItem","position":2,"name":"FAQs","item":"https://ofsip.lu/ufaq/"},{"@type":"ListItem","position":3,"name":"Quelle est la durée de vos formations en santé et sécurité au travail ?"}]},{"@type":"WebSite","@id":"https://ofsip.lu/#website","url":"https://ofsip.lu/","name":"OFSIP","description":"Sécuriser l&#039;humain, renforcer l&#039;entreprise","publisher":{"@id":"https://ofsip.lu/#organization"},"potentialAction":[{"@type":"SearchAction","target":{"@type":"EntryPoint","urlTemplate":"https://ofsip.lu/?s={search_term_string}"},"query-input":{"@type":"PropertyValueSpecification","valueRequired":true,"valueName":"search_term_string"}}],"inLanguage":"en-GB"},{"@type":"Organization","@id":"https://ofsip.lu/#organization","name":"OFSIP","url":"https://ofsip.lu/","logo":{"@type":"ImageObject","inLanguage":"en-GB","@id":"https://ofsip.lu/#/schema/logo/image/","url":"https://ofsip.lu/wp-content/uploads/2025/07/Logo-OFSIP-Color-sans-detail.png","contentUrl":"https://ofsip.lu/wp-content/uploads/2025/07/Logo-OFSIP-Color-sans-detail.png","width":486,"height":460,"caption":"OFSIP"},"image":{"@id":"https://ofsip.lu/#/schema/logo/image/"}}]}</script>
<!-- / Yoast SEO plugin. -->

Quelle est la durée de vos formations en santé et sécurité au travail ? - OFSIP

A Quelle est la durée de vos formations en santé et sécurité au travail ? Category: Formations Tout dépend de la formation souhaitée. Nous proposons des formations certifiantes avec des durées imposées par les autorités compétences et des formations non certifiantes avec des durées prédéfinies mais qui peuvent être modifier selon le besoin

Sécuriser l&#039;humain, renforcer l&#039;entreprise
