{"id":2700,"date":"2025-08-18T16:36:37","date_gmt":"2025-08-18T16:36:37","guid":{"rendered":"https:\/\/ofsip.lu\/ufaq\/proposez-vous-des-formations-en-presentiel-et-a-distance\/"},"modified":"2025-08-18T16:36:37","modified_gmt":"2025-08-18T16:36:37","slug":"proposez-vous-des-formations-en-presentiel-et-a-distance","status":"publish","type":"ufaq","link":"https:\/\/ofsip.lu\/en\/ufaq\/proposez-vous-des-formations-en-presentiel-et-a-distance\/","title":{"rendered":"Proposez-vous des formations en pr\u00e9sentiel et \u00e0 distance ?"},"content":{"rendered":"<div  class=\"ewd-ufaq-faq-list ewd-ufaq-page-type-distinct\" id='ewd-ufaq-faq-list'>\n\n\t<input type='hidden' name='show_on_load' value='' id='ewd-ufaq-show-on-load' \/>\n<input type='hidden' name='include_category' value='' id='ewd-ufaq-include-category' \/>\n<input type='hidden' name='exclude_category' value='' id='ewd-ufaq-exclude-category' \/>\n<input type='hidden' name='orderby' value='title' id='ewd-ufaq-orderby' \/>\n<input type='hidden' name='order' value='asc' id='ewd-ufaq-order' \/>\n<input type='hidden' name='post_count' value='-1' id='ewd-ufaq-post-count' \/>\n<input type='hidden' name='current_url' value='\/en\/wp-json\/wp\/v2\/ufaq\/2700' id='ewd-ufaq-current-url' \/>\n\t\n\t\n\t<div class='ewd-ufaq-faqs'>\n\n\t\t<div  class=\"ewd-ufaq-faq-div ewd-ufaq-faq-column-count-one ewd-ufaq-faq-responsive-columns- ewd-ufaq-faq-display-style-default ewd-ufaq-can-be-toggled\" id='ewd-ufaq-post-2700-0EwpV6dByM' data-post_id='2700'>\n\n\t<div class='ewd-ufaq-faq-title ewd-ufaq-faq-toggle'>\n\t\n\t<a class='ewd-ufaq-post-margin'  href='#' role=\"button\">\n\n\t\t<div class='ewd-ufaq-post-margin-symbol ewd-ufaq-'>\n\t\t\t<span >A<\/span>\n\t\t<\/div>\n\n\t\t<div class='ewd-ufaq-faq-title-text'>\n\n\t\t\t<h4>\n\t\t\t\tProposez-vous des formations en pr\u00e9sentiel et \u00e0 distance ?\t\t\t<\/h4>\n\n\t\t<\/div>\n\n\t\t<div class='ewd-ufaq-clear'><\/div>\n\n\t<\/a>\n\t\n<\/div>\n\t\n\t<div class='ewd-ufaq-faq-body' >\n\n\t\t\n\t\t\t<div class='ewd-ufaq-faq-categories'>\n\t\n\tCategory:\n\t\n\t\tFormations\n\t\n<\/div>\n\t\t\n\t\t\t<div class='ewd-ufaq-post-margin ewd-ufaq-faq-post'>\n\t<p>Oui, nous proposons nos formations aussi bien en pr\u00e9sentiel qu\u2019\u00e0 distance. Les sessions en pr\u00e9sentiel se d\u00e9roulent directement dans vos locaux ou dans nos salles de formation \u00e9quip\u00e9es. Pour plus de flexibilit\u00e9, certaines formations sont \u00e9galement disponibles en distanciel, en visioconf\u00e9rence interactive ou via des modules num\u00e9riques, tout en conservant la m\u00eame qualit\u00e9 p\u00e9dagogique et le m\u00eame niveau d\u2019interactivit\u00e9.<\/p>\n<\/div>\n\t\t\n\t\t\t\n\t\t\n\t\t\t\n\t\t\n\t\t\t\n\t\t\n\t\t\t\n\t\t\n\t\t\t\n\t\t\n\t\t\t\n\t\t\n\t\t\t\n\t\t\n\t\t\t\n\t\t\n\t<\/div>\n\n<\/div>\n\t<\/div>\n\n\t\n<\/div>","protected":false},"excerpt":{"rendered":"<p>A Proposez-vous des formations en pr\u00e9sentiel et \u00e0 distance ? Category: Formations Oui, nous proposons nos formations aussi bien en pr\u00e9sentiel qu\u2019\u00e0 distance. Les sessions en pr\u00e9sentiel se d\u00e9roulent directement dans vos locaux ou dans nos salles de formation \u00e9quip\u00e9es. Pour plus de flexibilit\u00e9, certaines formations sont \u00e9galement disponibles en distanciel, en visioconf\u00e9rence interactive ou [&hellip;]<\/p>","protected":false},"author":1,"comment_status":"","ping_status":"closed","template":"","ufaq-category":[46],"ufaq-tag":[],"class_list":["post-2700","ufaq","type-ufaq","status-publish","hentry","ufaq-category-formations"],"yoast_head":"<!-- This site is optimized with the Yoast SEO plugin v25.4 - https:\/\/yoast.com\/wordpress\/plugins\/seo\/ -->\n<title>Proposez-vous des formations en pr\u00e9sentiel et \u00e0 distance ? - OFSIP<\/title>\n<meta name=\"robots\" content=\"index, follow, max-snippet:-1, max-image-preview:large, max-video-preview:-1\" \/>\n<link rel=\"canonical\" href=\"https:\/\/ofsip.lu\/en\/ufaq\/proposez-vous-des-formations-en-presentiel-et-a-distance\/\" \/>\n<meta property=\"og:locale\" content=\"en_GB\" \/>\n<meta property=\"og:type\" content=\"article\" \/>\n<meta property=\"og:title\" content=\"Proposez-vous des formations en pr\u00e9sentiel et \u00e0 distance ? - OFSIP\" \/>\n<meta property=\"og:description\" content=\"A Proposez-vous des formations en pr\u00e9sentiel et \u00e0 distance ? Category: Formations Oui, nous proposons nos formations aussi bien en pr\u00e9sentiel qu\u2019\u00e0 distance. Les sessions en pr\u00e9sentiel se d\u00e9roulent directement dans vos locaux ou dans nos salles de formation \u00e9quip\u00e9es. Pour plus de flexibilit\u00e9, certaines formations sont \u00e9galement disponibles en distanciel, en visioconf\u00e9rence interactive ou [&hellip;]\" \/>\n<meta property=\"og:url\" content=\"https:\/\/ofsip.lu\/en\/ufaq\/proposez-vous-des-formations-en-presentiel-et-a-distance\/\" \/>\n<meta property=\"og:site_name\" content=\"OFSIP\" \/>\n<meta name=\"twitter:card\" content=\"summary_large_image\" \/>\n<script type=\"application\/ld+json\" class=\"yoast-schema-graph\">{\"@context\":\"https:\/\/schema.org\",\"@graph\":[{\"@type\":\"WebPage\",\"@id\":\"https:\/\/ofsip.lu\/ufaq\/proposez-vous-des-formations-en-presentiel-et-a-distance\/\",\"url\":\"https:\/\/ofsip.lu\/ufaq\/proposez-vous-des-formations-en-presentiel-et-a-distance\/\",\"name\":\"Proposez-vous des formations en pr\u00e9sentiel et \u00e0 distance ? - OFSIP\",\"isPartOf\":{\"@id\":\"https:\/\/ofsip.lu\/#website\"},\"datePublished\":\"2025-08-18T16:36:37+00:00\",\"breadcrumb\":{\"@id\":\"https:\/\/ofsip.lu\/ufaq\/proposez-vous-des-formations-en-presentiel-et-a-distance\/#breadcrumb\"},\"inLanguage\":\"en-GB\",\"potentialAction\":[{\"@type\":\"ReadAction\",\"target\":[\"https:\/\/ofsip.lu\/ufaq\/proposez-vous-des-formations-en-presentiel-et-a-distance\/\"]}]},{\"@type\":\"BreadcrumbList\",\"@id\":\"https:\/\/ofsip.lu\/ufaq\/proposez-vous-des-formations-en-presentiel-et-a-distance\/#breadcrumb\",\"itemListElement\":[{\"@type\":\"ListItem\",\"position\":1,\"name\":\"Home\",\"item\":\"https:\/\/ofsip.lu\/\"},{\"@type\":\"ListItem\",\"position\":2,\"name\":\"FAQs\",\"item\":\"https:\/\/ofsip.lu\/ufaq\/\"},{\"@type\":\"ListItem\",\"position\":3,\"name\":\"Proposez-vous des formations en pr\u00e9sentiel et \u00e0 distance ?\"}]},{\"@type\":\"WebSite\",\"@id\":\"https:\/\/ofsip.lu\/#website\",\"url\":\"https:\/\/ofsip.lu\/\",\"name\":\"OFSIP\",\"description\":\"S\u00e9curiser l&#039;humain, renforcer l&#039;entreprise\",\"publisher\":{\"@id\":\"https:\/\/ofsip.lu\/#organization\"},\"potentialAction\":[{\"@type\":\"SearchAction\",\"target\":{\"@type\":\"EntryPoint\",\"urlTemplate\":\"https:\/\/ofsip.lu\/?s={search_term_string}\"},\"query-input\":{\"@type\":\"PropertyValueSpecification\",\"valueRequired\":true,\"valueName\":\"search_term_string\"}}],\"inLanguage\":\"en-GB\"},{\"@type\":\"Organization\",\"@id\":\"https:\/\/ofsip.lu\/#organization\",\"name\":\"OFSIP\",\"url\":\"https:\/\/ofsip.lu\/\",\"logo\":{\"@type\":\"ImageObject\",\"inLanguage\":\"en-GB\",\"@id\":\"https:\/\/ofsip.lu\/#\/schema\/logo\/image\/\",\"url\":\"https:\/\/ofsip.lu\/wp-content\/uploads\/2025\/07\/Logo-OFSIP-Color-sans-detail.png\",\"contentUrl\":\"https:\/\/ofsip.lu\/wp-content\/uploads\/2025\/07\/Logo-OFSIP-Color-sans-detail.png\",\"width\":486,\"height\":460,\"caption\":\"OFSIP\"},\"image\":{\"@id\":\"https:\/\/ofsip.lu\/#\/schema\/logo\/image\/\"}}]}<\/script>\n<!-- \/ Yoast SEO plugin. -->","yoast_head_json":{"title":"Proposez-vous des formations en pr\u00e9sentiel et \u00e0 distance ? - OFSIP","robots":{"index":"index","follow":"follow","max-snippet":"max-snippet:-1","max-image-preview":"max-image-preview:large","max-video-preview":"max-video-preview:-1"},"canonical":"https:\/\/ofsip.lu\/en\/ufaq\/proposez-vous-des-formations-en-presentiel-et-a-distance\/","og_locale":"en_GB","og_type":"article","og_title":"Proposez-vous des formations en pr\u00e9sentiel et \u00e0 distance ? - OFSIP","og_description":"A Proposez-vous des formations en pr\u00e9sentiel et \u00e0 distance ? Category: Formations Oui, nous proposons nos formations aussi bien en pr\u00e9sentiel qu\u2019\u00e0 distance. Les sessions en pr\u00e9sentiel se d\u00e9roulent directement dans vos locaux ou dans nos salles de formation \u00e9quip\u00e9es. Pour plus de flexibilit\u00e9, certaines formations sont \u00e9galement disponibles en distanciel, en visioconf\u00e9rence interactive ou [&hellip;]","og_url":"https:\/\/ofsip.lu\/en\/ufaq\/proposez-vous-des-formations-en-presentiel-et-a-distance\/","og_site_name":"OFSIP","twitter_card":"summary_large_image","schema":{"@context":"https:\/\/schema.org","@graph":[{"@type":"WebPage","@id":"https:\/\/ofsip.lu\/ufaq\/proposez-vous-des-formations-en-presentiel-et-a-distance\/","url":"https:\/\/ofsip.lu\/ufaq\/proposez-vous-des-formations-en-presentiel-et-a-distance\/","name":"Proposez-vous des formations en pr\u00e9sentiel et \u00e0 distance ? - OFSIP","isPartOf":{"@id":"https:\/\/ofsip.lu\/#website"},"datePublished":"2025-08-18T16:36:37+00:00","breadcrumb":{"@id":"https:\/\/ofsip.lu\/ufaq\/proposez-vous-des-formations-en-presentiel-et-a-distance\/#breadcrumb"},"inLanguage":"en-GB","potentialAction":[{"@type":"ReadAction","target":["https:\/\/ofsip.lu\/ufaq\/proposez-vous-des-formations-en-presentiel-et-a-distance\/"]}]},{"@type":"BreadcrumbList","@id":"https:\/\/ofsip.lu\/ufaq\/proposez-vous-des-formations-en-presentiel-et-a-distance\/#breadcrumb","itemListElement":[{"@type":"ListItem","position":1,"name":"Home","item":"https:\/\/ofsip.lu\/"},{"@type":"ListItem","position":2,"name":"FAQs","item":"https:\/\/ofsip.lu\/ufaq\/"},{"@type":"ListItem","position":3,"name":"Proposez-vous des formations en pr\u00e9sentiel et \u00e0 distance ?"}]},{"@type":"WebSite","@id":"https:\/\/ofsip.lu\/#website","url":"https:\/\/ofsip.lu\/","name":"OFSIP","description":"S\u00e9curiser l&#039;humain, renforcer l&#039;entreprise","publisher":{"@id":"https:\/\/ofsip.lu\/#organization"},"potentialAction":[{"@type":"SearchAction","target":{"@type":"EntryPoint","urlTemplate":"https:\/\/ofsip.lu\/?s={search_term_string}"},"query-input":{"@type":"PropertyValueSpecification","valueRequired":true,"valueName":"search_term_string"}}],"inLanguage":"en-GB"},{"@type":"Organization","@id":"https:\/\/ofsip.lu\/#organization","name":"OFSIP","url":"https:\/\/ofsip.lu\/","logo":{"@type":"ImageObject","inLanguage":"en-GB","@id":"https:\/\/ofsip.lu\/#\/schema\/logo\/image\/","url":"https:\/\/ofsip.lu\/wp-content\/uploads\/2025\/07\/Logo-OFSIP-Color-sans-detail.png","contentUrl":"https:\/\/ofsip.lu\/wp-content\/uploads\/2025\/07\/Logo-OFSIP-Color-sans-detail.png","width":486,"height":460,"caption":"OFSIP"},"image":{"@id":"https:\/\/ofsip.lu\/#\/schema\/logo\/image\/"}}]}},"jetpack_sharing_enabled":true,"_links":{"self":[{"href":"https:\/\/ofsip.lu\/en\/wp-json\/wp\/v2\/ufaq\/2700","targetHints":{"allow":["GET"]}}],"collection":[{"href":"https:\/\/ofsip.lu\/en\/wp-json\/wp\/v2\/ufaq"}],"about":[{"href":"https:\/\/ofsip.lu\/en\/wp-json\/wp\/v2\/types\/ufaq"}],"author":[{"embeddable":true,"href":"https:\/\/ofsip.lu\/en\/wp-json\/wp\/v2\/users\/1"}],"replies":[{"embeddable":true,"href":"https:\/\/ofsip.lu\/en\/wp-json\/wp\/v2\/comments?post=2700"}],"wp:attachment":[{"href":"https:\/\/ofsip.lu\/en\/wp-json\/wp\/v2\/media?parent=2700"}],"wp:term":[{"taxonomy":"ufaq-category","embeddable":true,"href":"https:\/\/ofsip.lu\/en\/wp-json\/wp\/v2\/ufaq-category?post=2700"},{"taxonomy":"ufaq-tag","embeddable":true,"href":"https:\/\/ofsip.lu\/en\/wp-json\/wp\/v2\/ufaq-tag?post=2700"}],"curies":[{"name":"wp","href":"https:\/\/api.w.org\/{rel}","templated":true}]}}

Proposez-vous des formations en présentiel et à distance ?

<div  class="ewd-ufaq-faq-list ewd-ufaq-page-type-distinct" id='ewd-ufaq-faq-list'>

	<input type='hidden' name='show_on_load' value='' id='ewd-ufaq-show-on-load' />
<input type='hidden' name='include_category' value='' id='ewd-ufaq-include-category' />
<input type='hidden' name='exclude_category' value='' id='ewd-ufaq-exclude-category' />
<input type='hidden' name='orderby' value='title' id='ewd-ufaq-orderby' />
<input type='hidden' name='order' value='asc' id='ewd-ufaq-order' />
<input type='hidden' name='post_count' value='-1' id='ewd-ufaq-post-count' />
<input type='hidden' name='current_url' value='/en/wp-json/wp/v2/ufaq/2700' id='ewd-ufaq-current-url' />
	
	
	<div class='ewd-ufaq-faqs'>

		<div  class="ewd-ufaq-faq-div ewd-ufaq-faq-column-count-one ewd-ufaq-faq-responsive-columns- ewd-ufaq-faq-display-style-default ewd-ufaq-can-be-toggled" id='ewd-ufaq-post-2700-0EwpV6dByM' data-post_id='2700'>

	<div class='ewd-ufaq-faq-title ewd-ufaq-faq-toggle'>
	
	<a class='ewd-ufaq-post-margin'  href='#' role="button">

		<div class='ewd-ufaq-post-margin-symbol ewd-ufaq-'>
			<span >A</span>
		</div>

		<div class='ewd-ufaq-faq-title-text'>

			<h4>
				Proposez-vous des formations en présentiel et à distance ?			</h4>

		</div>

		<div class='ewd-ufaq-clear'></div>

	</a>
	
</div>
	
	<div class='ewd-ufaq-faq-body' >

		
			<div class='ewd-ufaq-faq-categories'>
	
	Category:
	
		Formations
	
</div>
		
			<div class='ewd-ufaq-post-margin ewd-ufaq-faq-post'>
	<p>Oui, nous proposons nos formations aussi bien en présentiel qu’à distance. Les sessions en présentiel se déroulent directement dans vos locaux ou dans nos salles de formation équipées. Pour plus de flexibilité, certaines formations sont également disponibles en distanciel, en visioconférence interactive ou via des modules numériques, tout en conservant la même qualité pédagogique et le même niveau d’interactivité.</p>
</div>
		
			
		
			
		
			
		
			
		
			
		
			
		
			
		
			
		
	</div>

</div>
	</div>

	
</div>

<p>A Proposez-vous des formations en présentiel et à distance ? Category: Formations Oui, nous proposons nos formations aussi bien en présentiel qu’à distance. Les sessions en présentiel se déroulent directement dans vos locaux ou dans nos salles de formation équipées. Pour plus de flexibilité, certaines formations sont également disponibles en distanciel, en visioconférence interactive ou [&hellip;]</p>

<!-- This site is optimized with the Yoast SEO plugin v25.4 - https://yoast.com/wordpress/plugins/seo/ -->
<title>Proposez-vous des formations en présentiel et à distance ? - OFSIP</title>
<meta name="robots" content="index, follow, max-snippet:-1, max-image-preview:large, max-video-preview:-1" />
<link rel="canonical" href="https://ofsip.lu/en/ufaq/proposez-vous-des-formations-en-presentiel-et-a-distance/" />
<meta property="og:locale" content="en_GB" />
<meta property="og:type" content="article" />
<meta property="og:title" content="Proposez-vous des formations en présentiel et à distance ? - OFSIP" />
<meta property="og:description" content="A Proposez-vous des formations en présentiel et à distance ? Category: Formations Oui, nous proposons nos formations aussi bien en présentiel qu’à distance. Les sessions en présentiel se déroulent directement dans vos locaux ou dans nos salles de formation équipées. Pour plus de flexibilité, certaines formations sont également disponibles en distanciel, en visioconférence interactive ou [&hellip;]" />
<meta property="og:url" content="https://ofsip.lu/en/ufaq/proposez-vous-des-formations-en-presentiel-et-a-distance/" />
<meta property="og:site_name" content="OFSIP" />
<meta name="twitter:card" content="summary_large_image" />
<script type="application/ld+json" class="yoast-schema-graph">{"@context":"https://schema.org","@graph":[{"@type":"WebPage","@id":"https://ofsip.lu/ufaq/proposez-vous-des-formations-en-presentiel-et-a-distance/","url":"https://ofsip.lu/ufaq/proposez-vous-des-formations-en-presentiel-et-a-distance/","name":"Proposez-vous des formations en présentiel et à distance ? - OFSIP","isPartOf":{"@id":"https://ofsip.lu/#website"},"datePublished":"2025-08-18T16:36:37+00:00","breadcrumb":{"@id":"https://ofsip.lu/ufaq/proposez-vous-des-formations-en-presentiel-et-a-distance/#breadcrumb"},"inLanguage":"en-GB","potentialAction":[{"@type":"ReadAction","target":["https://ofsip.lu/ufaq/proposez-vous-des-formations-en-presentiel-et-a-distance/"]}]},{"@type":"BreadcrumbList","@id":"https://ofsip.lu/ufaq/proposez-vous-des-formations-en-presentiel-et-a-distance/#breadcrumb","itemListElement":[{"@type":"ListItem","position":1,"name":"Home","item":"https://ofsip.lu/"},{"@type":"ListItem","position":2,"name":"FAQs","item":"https://ofsip.lu/ufaq/"},{"@type":"ListItem","position":3,"name":"Proposez-vous des formations en présentiel et à distance ?"}]},{"@type":"WebSite","@id":"https://ofsip.lu/#website","url":"https://ofsip.lu/","name":"OFSIP","description":"Sécuriser l&#039;humain, renforcer l&#039;entreprise","publisher":{"@id":"https://ofsip.lu/#organization"},"potentialAction":[{"@type":"SearchAction","target":{"@type":"EntryPoint","urlTemplate":"https://ofsip.lu/?s={search_term_string}"},"query-input":{"@type":"PropertyValueSpecification","valueRequired":true,"valueName":"search_term_string"}}],"inLanguage":"en-GB"},{"@type":"Organization","@id":"https://ofsip.lu/#organization","name":"OFSIP","url":"https://ofsip.lu/","logo":{"@type":"ImageObject","inLanguage":"en-GB","@id":"https://ofsip.lu/#/schema/logo/image/","url":"https://ofsip.lu/wp-content/uploads/2025/07/Logo-OFSIP-Color-sans-detail.png","contentUrl":"https://ofsip.lu/wp-content/uploads/2025/07/Logo-OFSIP-Color-sans-detail.png","width":486,"height":460,"caption":"OFSIP"},"image":{"@id":"https://ofsip.lu/#/schema/logo/image/"}}]}</script>
<!-- / Yoast SEO plugin. -->

Proposez-vous des formations en présentiel et à distance ? - OFSIP

A Proposez-vous des formations en présentiel et à distance ? Category: Formations Oui, nous proposons nos formations aussi bien en présentiel qu’à distance. Les sessions en présentiel se déroulent directement dans vos locaux ou dans nos salles de formation équipées. Pour plus de flexibilité, certaines formations sont également disponibles en distanciel, en visioconférence interactive ou [&hellip;]

Sécuriser l&#039;humain, renforcer l&#039;entreprise
