{"id":2703,"date":"2025-08-18T16:48:12","date_gmt":"2025-08-18T16:48:12","guid":{"rendered":"https:\/\/ofsip.lu\/ufaq\/proposez-vous-des-tarifs-degressifs-pour-les-groupes-ou-les-entreprises\/"},"modified":"2025-08-18T16:48:12","modified_gmt":"2025-08-18T16:48:12","slug":"proposez-vous-des-tarifs-degressifs-pour-les-groupes-ou-les-entreprises","status":"publish","type":"ufaq","link":"https:\/\/ofsip.lu\/en\/ufaq\/proposez-vous-des-tarifs-degressifs-pour-les-groupes-ou-les-entreprises\/","title":{"rendered":"Proposez-vous des tarifs d\u00e9gressifs pour les groupes ou les entreprises ?"},"content":{"rendered":"<div  class=\"ewd-ufaq-faq-list ewd-ufaq-page-type-distinct\" id='ewd-ufaq-faq-list'>\n\n\t<input type='hidden' name='show_on_load' value='' id='ewd-ufaq-show-on-load' \/>\n<input type='hidden' name='include_category' value='' id='ewd-ufaq-include-category' \/>\n<input type='hidden' name='exclude_category' value='' id='ewd-ufaq-exclude-category' \/>\n<input type='hidden' name='orderby' value='title' id='ewd-ufaq-orderby' \/>\n<input type='hidden' name='order' value='asc' id='ewd-ufaq-order' \/>\n<input type='hidden' name='post_count' value='-1' id='ewd-ufaq-post-count' \/>\n<input type='hidden' name='current_url' value='\/en\/wp-json\/wp\/v2\/ufaq\/2703' id='ewd-ufaq-current-url' \/>\n\t\n\t\n\t<div class='ewd-ufaq-faqs'>\n\n\t\t<div  class=\"ewd-ufaq-faq-div ewd-ufaq-faq-column-count-one ewd-ufaq-faq-responsive-columns- ewd-ufaq-faq-display-style-default ewd-ufaq-can-be-toggled\" id='ewd-ufaq-post-2703-MYWbrigWjQ' data-post_id='2703'>\n\n\t<div class='ewd-ufaq-faq-title ewd-ufaq-faq-toggle'>\n\t\n\t<a class='ewd-ufaq-post-margin'  href='#' role=\"button\">\n\n\t\t<div class='ewd-ufaq-post-margin-symbol ewd-ufaq-'>\n\t\t\t<span >A<\/span>\n\t\t<\/div>\n\n\t\t<div class='ewd-ufaq-faq-title-text'>\n\n\t\t\t<h4>\n\t\t\t\tProposez-vous des tarifs d\u00e9gressifs pour les groupes ou les entreprises ?\t\t\t<\/h4>\n\n\t\t<\/div>\n\n\t\t<div class='ewd-ufaq-clear'><\/div>\n\n\t<\/a>\n\t\n<\/div>\n\t\n\t<div class='ewd-ufaq-faq-body' >\n\n\t\t\n\t\t\t<div class='ewd-ufaq-faq-categories'>\n\t\n\tCategory:\n\t\n\t\tInscription &amp; Tarifs\n\t\n<\/div>\n\t\t\n\t\t\t<div class='ewd-ufaq-post-margin ewd-ufaq-faq-post'>\n\t<p>Oui, nous proposons des tarifs d\u00e9gressifs pour les groupes et les entreprises. Les conditions varient en fonction du nombre de participants et du type de formation choisi. Nous \u00e9tablissons toujours un devis personnalis\u00e9, afin d\u2019offrir la solution la plus adapt\u00e9e \u00e0 vos besoins et \u00e0 votre budget. De mani\u00e8re g\u00e9n\u00e9rale, le tarif est toujours plus avantageux pour une session en intra-entreprise que pour plusieurs inscriptions en inter-entreprises. De plus, selon le nombre de sessions command\u00e9es, une remise est appliqu\u00e9e (10 % d\u00e8s la 3\u1d49 session). Envoyer nous un mail pour recevoir notre grille tarifaire d\u00e9taill\u00e9e<\/p>\n<\/div>\n\t\t\n\t\t\t\n\t\t\n\t\t\t\n\t\t\n\t\t\t\n\t\t\n\t\t\t\n\t\t\n\t\t\t\n\t\t\n\t\t\t\n\t\t\n\t\t\t\n\t\t\n\t\t\t\n\t\t\n\t<\/div>\n\n<\/div>\n\t<\/div>\n\n\t\n<\/div>","protected":false},"excerpt":{"rendered":"<p>A Proposez-vous des tarifs d\u00e9gressifs pour les groupes ou les entreprises ? Category: Inscription &amp; Tarifs Oui, nous proposons des tarifs d\u00e9gressifs pour les groupes et les entreprises. Les conditions varient en fonction du nombre de participants et du type de formation choisi. Nous \u00e9tablissons toujours un devis personnalis\u00e9, afin d\u2019offrir la solution la plus [&hellip;]<\/p>","protected":false},"author":1,"comment_status":"","ping_status":"closed","template":"","ufaq-category":[47],"ufaq-tag":[],"class_list":["post-2703","ufaq","type-ufaq","status-publish","hentry","ufaq-category-inscription-tarifs"],"yoast_head":"<!-- This site is optimized with the Yoast SEO plugin v25.4 - https:\/\/yoast.com\/wordpress\/plugins\/seo\/ -->\n<title>Proposez-vous des tarifs d\u00e9gressifs pour les groupes ou les entreprises ? - OFSIP<\/title>\n<meta name=\"robots\" content=\"index, follow, max-snippet:-1, max-image-preview:large, max-video-preview:-1\" \/>\n<link rel=\"canonical\" href=\"https:\/\/ofsip.lu\/en\/ufaq\/proposez-vous-des-tarifs-degressifs-pour-les-groupes-ou-les-entreprises\/\" \/>\n<meta property=\"og:locale\" content=\"en_GB\" \/>\n<meta property=\"og:type\" content=\"article\" \/>\n<meta property=\"og:title\" content=\"Proposez-vous des tarifs d\u00e9gressifs pour les groupes ou les entreprises ? - OFSIP\" \/>\n<meta property=\"og:description\" content=\"A Proposez-vous des tarifs d\u00e9gressifs pour les groupes ou les entreprises ? Category: Inscription &amp; Tarifs Oui, nous proposons des tarifs d\u00e9gressifs pour les groupes et les entreprises. Les conditions varient en fonction du nombre de participants et du type de formation choisi. Nous \u00e9tablissons toujours un devis personnalis\u00e9, afin d\u2019offrir la solution la plus [&hellip;]\" \/>\n<meta property=\"og:url\" content=\"https:\/\/ofsip.lu\/en\/ufaq\/proposez-vous-des-tarifs-degressifs-pour-les-groupes-ou-les-entreprises\/\" \/>\n<meta property=\"og:site_name\" content=\"OFSIP\" \/>\n<meta name=\"twitter:card\" content=\"summary_large_image\" \/>\n<meta name=\"twitter:label1\" content=\"Estimated reading time\" \/>\n\t<meta name=\"twitter:data1\" content=\"1 minute\" \/>\n<script type=\"application\/ld+json\" class=\"yoast-schema-graph\">{\"@context\":\"https:\/\/schema.org\",\"@graph\":[{\"@type\":\"WebPage\",\"@id\":\"https:\/\/ofsip.lu\/ufaq\/proposez-vous-des-tarifs-degressifs-pour-les-groupes-ou-les-entreprises\/\",\"url\":\"https:\/\/ofsip.lu\/ufaq\/proposez-vous-des-tarifs-degressifs-pour-les-groupes-ou-les-entreprises\/\",\"name\":\"Proposez-vous des tarifs d\u00e9gressifs pour les groupes ou les entreprises ? - OFSIP\",\"isPartOf\":{\"@id\":\"https:\/\/ofsip.lu\/#website\"},\"datePublished\":\"2025-08-18T16:48:12+00:00\",\"breadcrumb\":{\"@id\":\"https:\/\/ofsip.lu\/ufaq\/proposez-vous-des-tarifs-degressifs-pour-les-groupes-ou-les-entreprises\/#breadcrumb\"},\"inLanguage\":\"en-GB\",\"potentialAction\":[{\"@type\":\"ReadAction\",\"target\":[\"https:\/\/ofsip.lu\/ufaq\/proposez-vous-des-tarifs-degressifs-pour-les-groupes-ou-les-entreprises\/\"]}]},{\"@type\":\"BreadcrumbList\",\"@id\":\"https:\/\/ofsip.lu\/ufaq\/proposez-vous-des-tarifs-degressifs-pour-les-groupes-ou-les-entreprises\/#breadcrumb\",\"itemListElement\":[{\"@type\":\"ListItem\",\"position\":1,\"name\":\"Home\",\"item\":\"https:\/\/ofsip.lu\/\"},{\"@type\":\"ListItem\",\"position\":2,\"name\":\"FAQs\",\"item\":\"https:\/\/ofsip.lu\/ufaq\/\"},{\"@type\":\"ListItem\",\"position\":3,\"name\":\"Proposez-vous des tarifs d\u00e9gressifs pour les groupes ou les entreprises ?\"}]},{\"@type\":\"WebSite\",\"@id\":\"https:\/\/ofsip.lu\/#website\",\"url\":\"https:\/\/ofsip.lu\/\",\"name\":\"OFSIP\",\"description\":\"S\u00e9curiser l&#039;humain, renforcer l&#039;entreprise\",\"publisher\":{\"@id\":\"https:\/\/ofsip.lu\/#organization\"},\"potentialAction\":[{\"@type\":\"SearchAction\",\"target\":{\"@type\":\"EntryPoint\",\"urlTemplate\":\"https:\/\/ofsip.lu\/?s={search_term_string}\"},\"query-input\":{\"@type\":\"PropertyValueSpecification\",\"valueRequired\":true,\"valueName\":\"search_term_string\"}}],\"inLanguage\":\"en-GB\"},{\"@type\":\"Organization\",\"@id\":\"https:\/\/ofsip.lu\/#organization\",\"name\":\"OFSIP\",\"url\":\"https:\/\/ofsip.lu\/\",\"logo\":{\"@type\":\"ImageObject\",\"inLanguage\":\"en-GB\",\"@id\":\"https:\/\/ofsip.lu\/#\/schema\/logo\/image\/\",\"url\":\"https:\/\/ofsip.lu\/wp-content\/uploads\/2025\/07\/Logo-OFSIP-Color-sans-detail.png\",\"contentUrl\":\"https:\/\/ofsip.lu\/wp-content\/uploads\/2025\/07\/Logo-OFSIP-Color-sans-detail.png\",\"width\":486,\"height\":460,\"caption\":\"OFSIP\"},\"image\":{\"@id\":\"https:\/\/ofsip.lu\/#\/schema\/logo\/image\/\"}}]}<\/script>\n<!-- \/ Yoast SEO plugin. -->","yoast_head_json":{"title":"Proposez-vous des tarifs d\u00e9gressifs pour les groupes ou les entreprises ? - OFSIP","robots":{"index":"index","follow":"follow","max-snippet":"max-snippet:-1","max-image-preview":"max-image-preview:large","max-video-preview":"max-video-preview:-1"},"canonical":"https:\/\/ofsip.lu\/en\/ufaq\/proposez-vous-des-tarifs-degressifs-pour-les-groupes-ou-les-entreprises\/","og_locale":"en_GB","og_type":"article","og_title":"Proposez-vous des tarifs d\u00e9gressifs pour les groupes ou les entreprises ? - OFSIP","og_description":"A Proposez-vous des tarifs d\u00e9gressifs pour les groupes ou les entreprises ? Category: Inscription &amp; Tarifs Oui, nous proposons des tarifs d\u00e9gressifs pour les groupes et les entreprises. Les conditions varient en fonction du nombre de participants et du type de formation choisi. Nous \u00e9tablissons toujours un devis personnalis\u00e9, afin d\u2019offrir la solution la plus [&hellip;]","og_url":"https:\/\/ofsip.lu\/en\/ufaq\/proposez-vous-des-tarifs-degressifs-pour-les-groupes-ou-les-entreprises\/","og_site_name":"OFSIP","twitter_card":"summary_large_image","twitter_misc":{"Estimated reading time":"1 minute"},"schema":{"@context":"https:\/\/schema.org","@graph":[{"@type":"WebPage","@id":"https:\/\/ofsip.lu\/ufaq\/proposez-vous-des-tarifs-degressifs-pour-les-groupes-ou-les-entreprises\/","url":"https:\/\/ofsip.lu\/ufaq\/proposez-vous-des-tarifs-degressifs-pour-les-groupes-ou-les-entreprises\/","name":"Proposez-vous des tarifs d\u00e9gressifs pour les groupes ou les entreprises ? - OFSIP","isPartOf":{"@id":"https:\/\/ofsip.lu\/#website"},"datePublished":"2025-08-18T16:48:12+00:00","breadcrumb":{"@id":"https:\/\/ofsip.lu\/ufaq\/proposez-vous-des-tarifs-degressifs-pour-les-groupes-ou-les-entreprises\/#breadcrumb"},"inLanguage":"en-GB","potentialAction":[{"@type":"ReadAction","target":["https:\/\/ofsip.lu\/ufaq\/proposez-vous-des-tarifs-degressifs-pour-les-groupes-ou-les-entreprises\/"]}]},{"@type":"BreadcrumbList","@id":"https:\/\/ofsip.lu\/ufaq\/proposez-vous-des-tarifs-degressifs-pour-les-groupes-ou-les-entreprises\/#breadcrumb","itemListElement":[{"@type":"ListItem","position":1,"name":"Home","item":"https:\/\/ofsip.lu\/"},{"@type":"ListItem","position":2,"name":"FAQs","item":"https:\/\/ofsip.lu\/ufaq\/"},{"@type":"ListItem","position":3,"name":"Proposez-vous des tarifs d\u00e9gressifs pour les groupes ou les entreprises ?"}]},{"@type":"WebSite","@id":"https:\/\/ofsip.lu\/#website","url":"https:\/\/ofsip.lu\/","name":"OFSIP","description":"S\u00e9curiser l&#039;humain, renforcer l&#039;entreprise","publisher":{"@id":"https:\/\/ofsip.lu\/#organization"},"potentialAction":[{"@type":"SearchAction","target":{"@type":"EntryPoint","urlTemplate":"https:\/\/ofsip.lu\/?s={search_term_string}"},"query-input":{"@type":"PropertyValueSpecification","valueRequired":true,"valueName":"search_term_string"}}],"inLanguage":"en-GB"},{"@type":"Organization","@id":"https:\/\/ofsip.lu\/#organization","name":"OFSIP","url":"https:\/\/ofsip.lu\/","logo":{"@type":"ImageObject","inLanguage":"en-GB","@id":"https:\/\/ofsip.lu\/#\/schema\/logo\/image\/","url":"https:\/\/ofsip.lu\/wp-content\/uploads\/2025\/07\/Logo-OFSIP-Color-sans-detail.png","contentUrl":"https:\/\/ofsip.lu\/wp-content\/uploads\/2025\/07\/Logo-OFSIP-Color-sans-detail.png","width":486,"height":460,"caption":"OFSIP"},"image":{"@id":"https:\/\/ofsip.lu\/#\/schema\/logo\/image\/"}}]}},"jetpack_sharing_enabled":true,"_links":{"self":[{"href":"https:\/\/ofsip.lu\/en\/wp-json\/wp\/v2\/ufaq\/2703","targetHints":{"allow":["GET"]}}],"collection":[{"href":"https:\/\/ofsip.lu\/en\/wp-json\/wp\/v2\/ufaq"}],"about":[{"href":"https:\/\/ofsip.lu\/en\/wp-json\/wp\/v2\/types\/ufaq"}],"author":[{"embeddable":true,"href":"https:\/\/ofsip.lu\/en\/wp-json\/wp\/v2\/users\/1"}],"replies":[{"embeddable":true,"href":"https:\/\/ofsip.lu\/en\/wp-json\/wp\/v2\/comments?post=2703"}],"wp:attachment":[{"href":"https:\/\/ofsip.lu\/en\/wp-json\/wp\/v2\/media?parent=2703"}],"wp:term":[{"taxonomy":"ufaq-category","embeddable":true,"href":"https:\/\/ofsip.lu\/en\/wp-json\/wp\/v2\/ufaq-category?post=2703"},{"taxonomy":"ufaq-tag","embeddable":true,"href":"https:\/\/ofsip.lu\/en\/wp-json\/wp\/v2\/ufaq-tag?post=2703"}],"curies":[{"name":"wp","href":"https:\/\/api.w.org\/{rel}","templated":true}]}}

Proposez-vous des tarifs dégressifs pour les groupes ou les entreprises ?

<div  class="ewd-ufaq-faq-list ewd-ufaq-page-type-distinct" id='ewd-ufaq-faq-list'>

	<input type='hidden' name='show_on_load' value='' id='ewd-ufaq-show-on-load' />
<input type='hidden' name='include_category' value='' id='ewd-ufaq-include-category' />
<input type='hidden' name='exclude_category' value='' id='ewd-ufaq-exclude-category' />
<input type='hidden' name='orderby' value='title' id='ewd-ufaq-orderby' />
<input type='hidden' name='order' value='asc' id='ewd-ufaq-order' />
<input type='hidden' name='post_count' value='-1' id='ewd-ufaq-post-count' />
<input type='hidden' name='current_url' value='/en/wp-json/wp/v2/ufaq/2703' id='ewd-ufaq-current-url' />
	
	
	<div class='ewd-ufaq-faqs'>

		<div  class="ewd-ufaq-faq-div ewd-ufaq-faq-column-count-one ewd-ufaq-faq-responsive-columns- ewd-ufaq-faq-display-style-default ewd-ufaq-can-be-toggled" id='ewd-ufaq-post-2703-MYWbrigWjQ' data-post_id='2703'>

	<div class='ewd-ufaq-faq-title ewd-ufaq-faq-toggle'>
	
	<a class='ewd-ufaq-post-margin'  href='#' role="button">

		<div class='ewd-ufaq-post-margin-symbol ewd-ufaq-'>
			<span >A</span>
		</div>

		<div class='ewd-ufaq-faq-title-text'>

			<h4>
				Proposez-vous des tarifs dégressifs pour les groupes ou les entreprises ?			</h4>

		</div>

		<div class='ewd-ufaq-clear'></div>

	</a>
	
</div>
	
	<div class='ewd-ufaq-faq-body' >

		
			<div class='ewd-ufaq-faq-categories'>
	
	Category:
	
		Inscription &amp; Tarifs
	
</div>
		
			<div class='ewd-ufaq-post-margin ewd-ufaq-faq-post'>
	<p>Oui, nous proposons des tarifs dégressifs pour les groupes et les entreprises. Les conditions varient en fonction du nombre de participants et du type de formation choisi. Nous établissons toujours un devis personnalisé, afin d’offrir la solution la plus adaptée à vos besoins et à votre budget. De manière générale, le tarif est toujours plus avantageux pour une session en intra-entreprise que pour plusieurs inscriptions en inter-entreprises. De plus, selon le nombre de sessions commandées, une remise est appliquée (10 % dès la 3ᵉ session). Envoyer nous un mail pour recevoir notre grille tarifaire détaillée</p>
</div>
		
			
		
			
		
			
		
			
		
			
		
			
		
			
		
			
		
	</div>

</div>
	</div>

	
</div>

<p>A Proposez-vous des tarifs dégressifs pour les groupes ou les entreprises ? Category: Inscription &amp; Tarifs Oui, nous proposons des tarifs dégressifs pour les groupes et les entreprises. Les conditions varient en fonction du nombre de participants et du type de formation choisi. Nous établissons toujours un devis personnalisé, afin d’offrir la solution la plus [&hellip;]</p>

<!-- This site is optimized with the Yoast SEO plugin v25.4 - https://yoast.com/wordpress/plugins/seo/ -->
<title>Proposez-vous des tarifs dégressifs pour les groupes ou les entreprises ? - OFSIP</title>
<meta name="robots" content="index, follow, max-snippet:-1, max-image-preview:large, max-video-preview:-1" />
<link rel="canonical" href="https://ofsip.lu/en/ufaq/proposez-vous-des-tarifs-degressifs-pour-les-groupes-ou-les-entreprises/" />
<meta property="og:locale" content="en_GB" />
<meta property="og:type" content="article" />
<meta property="og:title" content="Proposez-vous des tarifs dégressifs pour les groupes ou les entreprises ? - OFSIP" />
<meta property="og:description" content="A Proposez-vous des tarifs dégressifs pour les groupes ou les entreprises ? Category: Inscription &amp; Tarifs Oui, nous proposons des tarifs dégressifs pour les groupes et les entreprises. Les conditions varient en fonction du nombre de participants et du type de formation choisi. Nous établissons toujours un devis personnalisé, afin d’offrir la solution la plus [&hellip;]" />
<meta property="og:url" content="https://ofsip.lu/en/ufaq/proposez-vous-des-tarifs-degressifs-pour-les-groupes-ou-les-entreprises/" />
<meta property="og:site_name" content="OFSIP" />
<meta name="twitter:card" content="summary_large_image" />
<meta name="twitter:label1" content="Estimated reading time" />
	<meta name="twitter:data1" content="1 minute" />
<script type="application/ld+json" class="yoast-schema-graph">{"@context":"https://schema.org","@graph":[{"@type":"WebPage","@id":"https://ofsip.lu/ufaq/proposez-vous-des-tarifs-degressifs-pour-les-groupes-ou-les-entreprises/","url":"https://ofsip.lu/ufaq/proposez-vous-des-tarifs-degressifs-pour-les-groupes-ou-les-entreprises/","name":"Proposez-vous des tarifs dégressifs pour les groupes ou les entreprises ? - OFSIP","isPartOf":{"@id":"https://ofsip.lu/#website"},"datePublished":"2025-08-18T16:48:12+00:00","breadcrumb":{"@id":"https://ofsip.lu/ufaq/proposez-vous-des-tarifs-degressifs-pour-les-groupes-ou-les-entreprises/#breadcrumb"},"inLanguage":"en-GB","potentialAction":[{"@type":"ReadAction","target":["https://ofsip.lu/ufaq/proposez-vous-des-tarifs-degressifs-pour-les-groupes-ou-les-entreprises/"]}]},{"@type":"BreadcrumbList","@id":"https://ofsip.lu/ufaq/proposez-vous-des-tarifs-degressifs-pour-les-groupes-ou-les-entreprises/#breadcrumb","itemListElement":[{"@type":"ListItem","position":1,"name":"Home","item":"https://ofsip.lu/"},{"@type":"ListItem","position":2,"name":"FAQs","item":"https://ofsip.lu/ufaq/"},{"@type":"ListItem","position":3,"name":"Proposez-vous des tarifs dégressifs pour les groupes ou les entreprises ?"}]},{"@type":"WebSite","@id":"https://ofsip.lu/#website","url":"https://ofsip.lu/","name":"OFSIP","description":"Sécuriser l&#039;humain, renforcer l&#039;entreprise","publisher":{"@id":"https://ofsip.lu/#organization"},"potentialAction":[{"@type":"SearchAction","target":{"@type":"EntryPoint","urlTemplate":"https://ofsip.lu/?s={search_term_string}"},"query-input":{"@type":"PropertyValueSpecification","valueRequired":true,"valueName":"search_term_string"}}],"inLanguage":"en-GB"},{"@type":"Organization","@id":"https://ofsip.lu/#organization","name":"OFSIP","url":"https://ofsip.lu/","logo":{"@type":"ImageObject","inLanguage":"en-GB","@id":"https://ofsip.lu/#/schema/logo/image/","url":"https://ofsip.lu/wp-content/uploads/2025/07/Logo-OFSIP-Color-sans-detail.png","contentUrl":"https://ofsip.lu/wp-content/uploads/2025/07/Logo-OFSIP-Color-sans-detail.png","width":486,"height":460,"caption":"OFSIP"},"image":{"@id":"https://ofsip.lu/#/schema/logo/image/"}}]}</script>
<!-- / Yoast SEO plugin. -->

Proposez-vous des tarifs dégressifs pour les groupes ou les entreprises ? - OFSIP

A Proposez-vous des tarifs dégressifs pour les groupes ou les entreprises ? Category: Inscription &amp; Tarifs Oui, nous proposons des tarifs dégressifs pour les groupes et les entreprises. Les conditions varient en fonction du nombre de participants et du type de formation choisi. Nous établissons toujours un devis personnalisé, afin d’offrir la solution la plus [&hellip;]

Sécuriser l&#039;humain, renforcer l&#039;entreprise
