{"id":2704,"date":"2025-08-18T16:49:30","date_gmt":"2025-08-18T16:49:30","guid":{"rendered":"https:\/\/ofsip.lu\/ufaq\/les-formations-peuvent-elles-etre-financees-ou-prises-en-charge\/"},"modified":"2025-08-18T16:49:30","modified_gmt":"2025-08-18T16:49:30","slug":"les-formations-peuvent-elles-etre-financees-ou-prises-en-charge","status":"publish","type":"ufaq","link":"https:\/\/ofsip.lu\/en\/ufaq\/les-formations-peuvent-elles-etre-financees-ou-prises-en-charge\/","title":{"rendered":"Les formations peuvent-elles \u00eatre financ\u00e9es ou prises en charge ?"},"content":{"rendered":"<div  class=\"ewd-ufaq-faq-list ewd-ufaq-page-type-distinct\" id='ewd-ufaq-faq-list'>\n\n\t<input type='hidden' name='show_on_load' value='' id='ewd-ufaq-show-on-load' \/>\n<input type='hidden' name='include_category' value='' id='ewd-ufaq-include-category' \/>\n<input type='hidden' name='exclude_category' value='' id='ewd-ufaq-exclude-category' \/>\n<input type='hidden' name='orderby' value='title' id='ewd-ufaq-orderby' \/>\n<input type='hidden' name='order' value='asc' id='ewd-ufaq-order' \/>\n<input type='hidden' name='post_count' value='-1' id='ewd-ufaq-post-count' \/>\n<input type='hidden' name='current_url' value='\/en\/wp-json\/wp\/v2\/ufaq\/2704' id='ewd-ufaq-current-url' \/>\n\t\n\t\n\t<div class='ewd-ufaq-faqs'>\n\n\t\t<div  class=\"ewd-ufaq-faq-div ewd-ufaq-faq-column-count-one ewd-ufaq-faq-responsive-columns- ewd-ufaq-faq-display-style-default ewd-ufaq-can-be-toggled\" id='ewd-ufaq-post-2704-YwBwAJYtOS' data-post_id='2704'>\n\n\t<div class='ewd-ufaq-faq-title ewd-ufaq-faq-toggle'>\n\t\n\t<a class='ewd-ufaq-post-margin'  href='#' role=\"button\">\n\n\t\t<div class='ewd-ufaq-post-margin-symbol ewd-ufaq-'>\n\t\t\t<span >A<\/span>\n\t\t<\/div>\n\n\t\t<div class='ewd-ufaq-faq-title-text'>\n\n\t\t\t<h4>\n\t\t\t\tLes formations peuvent-elles \u00eatre financ\u00e9es ou prises en charge ?\t\t\t<\/h4>\n\n\t\t<\/div>\n\n\t\t<div class='ewd-ufaq-clear'><\/div>\n\n\t<\/a>\n\t\n<\/div>\n\t\n\t<div class='ewd-ufaq-faq-body' >\n\n\t\t\n\t\t\t<div class='ewd-ufaq-faq-categories'>\n\t\n\tCategory:\n\t\n\t\tInscription &amp; Tarifs\n\t\n<\/div>\n\t\t\n\t\t\t<div class='ewd-ufaq-post-margin ewd-ufaq-faq-post'>\n\t<p>Oui, toutes nos formations sont \u00e9ligibles aux cofinancements de l\u2019INFPC. De plus, OFSIP est agr\u00e9\u00e9 par le Service National de la Jeunesse (SNJ) pour les formations dispens\u00e9es dans le secteur de la Jeunesse et de la Petite Enfance, garantissant leur reconnaissance officielle et leur prise en charge.<\/p>\n<\/div>\n\t\t\n\t\t\t\n\t\t\n\t\t\t\n\t\t\n\t\t\t\n\t\t\n\t\t\t\n\t\t\n\t\t\t\n\t\t\n\t\t\t\n\t\t\n\t\t\t\n\t\t\n\t\t\t\n\t\t\n\t<\/div>\n\n<\/div>\n\t<\/div>\n\n\t\n<\/div>","protected":false},"excerpt":{"rendered":"<p>A Les formations peuvent-elles \u00eatre financ\u00e9es ou prises en charge ? Category: Inscription &amp; Tarifs Oui, toutes nos formations sont \u00e9ligibles aux cofinancements de l\u2019INFPC. De plus, OFSIP est agr\u00e9\u00e9 par le Service National de la Jeunesse (SNJ) pour les formations dispens\u00e9es dans le secteur de la Jeunesse et de la Petite Enfance, garantissant leur [&hellip;]<\/p>","protected":false},"author":1,"comment_status":"","ping_status":"closed","template":"","ufaq-category":[47],"ufaq-tag":[],"class_list":["post-2704","ufaq","type-ufaq","status-publish","hentry","ufaq-category-inscription-tarifs"],"yoast_head":"<!-- This site is optimized with the Yoast SEO plugin v25.4 - https:\/\/yoast.com\/wordpress\/plugins\/seo\/ -->\n<title>Les formations peuvent-elles \u00eatre financ\u00e9es ou prises en charge ? - OFSIP<\/title>\n<meta name=\"robots\" content=\"index, follow, max-snippet:-1, max-image-preview:large, max-video-preview:-1\" \/>\n<link rel=\"canonical\" href=\"https:\/\/ofsip.lu\/en\/ufaq\/les-formations-peuvent-elles-etre-financees-ou-prises-en-charge\/\" \/>\n<meta property=\"og:locale\" content=\"en_GB\" \/>\n<meta property=\"og:type\" content=\"article\" \/>\n<meta property=\"og:title\" content=\"Les formations peuvent-elles \u00eatre financ\u00e9es ou prises en charge ? - OFSIP\" \/>\n<meta property=\"og:description\" content=\"A Les formations peuvent-elles \u00eatre financ\u00e9es ou prises en charge ? Category: Inscription &amp; Tarifs Oui, toutes nos formations sont \u00e9ligibles aux cofinancements de l\u2019INFPC. De plus, OFSIP est agr\u00e9\u00e9 par le Service National de la Jeunesse (SNJ) pour les formations dispens\u00e9es dans le secteur de la Jeunesse et de la Petite Enfance, garantissant leur [&hellip;]\" \/>\n<meta property=\"og:url\" content=\"https:\/\/ofsip.lu\/en\/ufaq\/les-formations-peuvent-elles-etre-financees-ou-prises-en-charge\/\" \/>\n<meta property=\"og:site_name\" content=\"OFSIP\" \/>\n<meta name=\"twitter:card\" content=\"summary_large_image\" \/>\n<script type=\"application\/ld+json\" class=\"yoast-schema-graph\">{\"@context\":\"https:\/\/schema.org\",\"@graph\":[{\"@type\":\"WebPage\",\"@id\":\"https:\/\/ofsip.lu\/ufaq\/les-formations-peuvent-elles-etre-financees-ou-prises-en-charge\/\",\"url\":\"https:\/\/ofsip.lu\/ufaq\/les-formations-peuvent-elles-etre-financees-ou-prises-en-charge\/\",\"name\":\"Les formations peuvent-elles \u00eatre financ\u00e9es ou prises en charge ? - OFSIP\",\"isPartOf\":{\"@id\":\"https:\/\/ofsip.lu\/#website\"},\"datePublished\":\"2025-08-18T16:49:30+00:00\",\"breadcrumb\":{\"@id\":\"https:\/\/ofsip.lu\/ufaq\/les-formations-peuvent-elles-etre-financees-ou-prises-en-charge\/#breadcrumb\"},\"inLanguage\":\"en-GB\",\"potentialAction\":[{\"@type\":\"ReadAction\",\"target\":[\"https:\/\/ofsip.lu\/ufaq\/les-formations-peuvent-elles-etre-financees-ou-prises-en-charge\/\"]}]},{\"@type\":\"BreadcrumbList\",\"@id\":\"https:\/\/ofsip.lu\/ufaq\/les-formations-peuvent-elles-etre-financees-ou-prises-en-charge\/#breadcrumb\",\"itemListElement\":[{\"@type\":\"ListItem\",\"position\":1,\"name\":\"Home\",\"item\":\"https:\/\/ofsip.lu\/\"},{\"@type\":\"ListItem\",\"position\":2,\"name\":\"FAQs\",\"item\":\"https:\/\/ofsip.lu\/ufaq\/\"},{\"@type\":\"ListItem\",\"position\":3,\"name\":\"Les formations peuvent-elles \u00eatre financ\u00e9es ou prises en charge ?\"}]},{\"@type\":\"WebSite\",\"@id\":\"https:\/\/ofsip.lu\/#website\",\"url\":\"https:\/\/ofsip.lu\/\",\"name\":\"OFSIP\",\"description\":\"S\u00e9curiser l&#039;humain, renforcer l&#039;entreprise\",\"publisher\":{\"@id\":\"https:\/\/ofsip.lu\/#organization\"},\"potentialAction\":[{\"@type\":\"SearchAction\",\"target\":{\"@type\":\"EntryPoint\",\"urlTemplate\":\"https:\/\/ofsip.lu\/?s={search_term_string}\"},\"query-input\":{\"@type\":\"PropertyValueSpecification\",\"valueRequired\":true,\"valueName\":\"search_term_string\"}}],\"inLanguage\":\"en-GB\"},{\"@type\":\"Organization\",\"@id\":\"https:\/\/ofsip.lu\/#organization\",\"name\":\"OFSIP\",\"url\":\"https:\/\/ofsip.lu\/\",\"logo\":{\"@type\":\"ImageObject\",\"inLanguage\":\"en-GB\",\"@id\":\"https:\/\/ofsip.lu\/#\/schema\/logo\/image\/\",\"url\":\"https:\/\/ofsip.lu\/wp-content\/uploads\/2025\/07\/Logo-OFSIP-Color-sans-detail.png\",\"contentUrl\":\"https:\/\/ofsip.lu\/wp-content\/uploads\/2025\/07\/Logo-OFSIP-Color-sans-detail.png\",\"width\":486,\"height\":460,\"caption\":\"OFSIP\"},\"image\":{\"@id\":\"https:\/\/ofsip.lu\/#\/schema\/logo\/image\/\"}}]}<\/script>\n<!-- \/ Yoast SEO plugin. -->","yoast_head_json":{"title":"Les formations peuvent-elles \u00eatre financ\u00e9es ou prises en charge ? - OFSIP","robots":{"index":"index","follow":"follow","max-snippet":"max-snippet:-1","max-image-preview":"max-image-preview:large","max-video-preview":"max-video-preview:-1"},"canonical":"https:\/\/ofsip.lu\/en\/ufaq\/les-formations-peuvent-elles-etre-financees-ou-prises-en-charge\/","og_locale":"en_GB","og_type":"article","og_title":"Les formations peuvent-elles \u00eatre financ\u00e9es ou prises en charge ? - OFSIP","og_description":"A Les formations peuvent-elles \u00eatre financ\u00e9es ou prises en charge ? Category: Inscription &amp; Tarifs Oui, toutes nos formations sont \u00e9ligibles aux cofinancements de l\u2019INFPC. De plus, OFSIP est agr\u00e9\u00e9 par le Service National de la Jeunesse (SNJ) pour les formations dispens\u00e9es dans le secteur de la Jeunesse et de la Petite Enfance, garantissant leur [&hellip;]","og_url":"https:\/\/ofsip.lu\/en\/ufaq\/les-formations-peuvent-elles-etre-financees-ou-prises-en-charge\/","og_site_name":"OFSIP","twitter_card":"summary_large_image","schema":{"@context":"https:\/\/schema.org","@graph":[{"@type":"WebPage","@id":"https:\/\/ofsip.lu\/ufaq\/les-formations-peuvent-elles-etre-financees-ou-prises-en-charge\/","url":"https:\/\/ofsip.lu\/ufaq\/les-formations-peuvent-elles-etre-financees-ou-prises-en-charge\/","name":"Les formations peuvent-elles \u00eatre financ\u00e9es ou prises en charge ? - OFSIP","isPartOf":{"@id":"https:\/\/ofsip.lu\/#website"},"datePublished":"2025-08-18T16:49:30+00:00","breadcrumb":{"@id":"https:\/\/ofsip.lu\/ufaq\/les-formations-peuvent-elles-etre-financees-ou-prises-en-charge\/#breadcrumb"},"inLanguage":"en-GB","potentialAction":[{"@type":"ReadAction","target":["https:\/\/ofsip.lu\/ufaq\/les-formations-peuvent-elles-etre-financees-ou-prises-en-charge\/"]}]},{"@type":"BreadcrumbList","@id":"https:\/\/ofsip.lu\/ufaq\/les-formations-peuvent-elles-etre-financees-ou-prises-en-charge\/#breadcrumb","itemListElement":[{"@type":"ListItem","position":1,"name":"Home","item":"https:\/\/ofsip.lu\/"},{"@type":"ListItem","position":2,"name":"FAQs","item":"https:\/\/ofsip.lu\/ufaq\/"},{"@type":"ListItem","position":3,"name":"Les formations peuvent-elles \u00eatre financ\u00e9es ou prises en charge ?"}]},{"@type":"WebSite","@id":"https:\/\/ofsip.lu\/#website","url":"https:\/\/ofsip.lu\/","name":"OFSIP","description":"S\u00e9curiser l&#039;humain, renforcer l&#039;entreprise","publisher":{"@id":"https:\/\/ofsip.lu\/#organization"},"potentialAction":[{"@type":"SearchAction","target":{"@type":"EntryPoint","urlTemplate":"https:\/\/ofsip.lu\/?s={search_term_string}"},"query-input":{"@type":"PropertyValueSpecification","valueRequired":true,"valueName":"search_term_string"}}],"inLanguage":"en-GB"},{"@type":"Organization","@id":"https:\/\/ofsip.lu\/#organization","name":"OFSIP","url":"https:\/\/ofsip.lu\/","logo":{"@type":"ImageObject","inLanguage":"en-GB","@id":"https:\/\/ofsip.lu\/#\/schema\/logo\/image\/","url":"https:\/\/ofsip.lu\/wp-content\/uploads\/2025\/07\/Logo-OFSIP-Color-sans-detail.png","contentUrl":"https:\/\/ofsip.lu\/wp-content\/uploads\/2025\/07\/Logo-OFSIP-Color-sans-detail.png","width":486,"height":460,"caption":"OFSIP"},"image":{"@id":"https:\/\/ofsip.lu\/#\/schema\/logo\/image\/"}}]}},"jetpack_sharing_enabled":true,"_links":{"self":[{"href":"https:\/\/ofsip.lu\/en\/wp-json\/wp\/v2\/ufaq\/2704","targetHints":{"allow":["GET"]}}],"collection":[{"href":"https:\/\/ofsip.lu\/en\/wp-json\/wp\/v2\/ufaq"}],"about":[{"href":"https:\/\/ofsip.lu\/en\/wp-json\/wp\/v2\/types\/ufaq"}],"author":[{"embeddable":true,"href":"https:\/\/ofsip.lu\/en\/wp-json\/wp\/v2\/users\/1"}],"replies":[{"embeddable":true,"href":"https:\/\/ofsip.lu\/en\/wp-json\/wp\/v2\/comments?post=2704"}],"wp:attachment":[{"href":"https:\/\/ofsip.lu\/en\/wp-json\/wp\/v2\/media?parent=2704"}],"wp:term":[{"taxonomy":"ufaq-category","embeddable":true,"href":"https:\/\/ofsip.lu\/en\/wp-json\/wp\/v2\/ufaq-category?post=2704"},{"taxonomy":"ufaq-tag","embeddable":true,"href":"https:\/\/ofsip.lu\/en\/wp-json\/wp\/v2\/ufaq-tag?post=2704"}],"curies":[{"name":"wp","href":"https:\/\/api.w.org\/{rel}","templated":true}]}}

Les formations peuvent-elles être financées ou prises en charge ?

<div  class="ewd-ufaq-faq-list ewd-ufaq-page-type-distinct" id='ewd-ufaq-faq-list'>

	<input type='hidden' name='show_on_load' value='' id='ewd-ufaq-show-on-load' />
<input type='hidden' name='include_category' value='' id='ewd-ufaq-include-category' />
<input type='hidden' name='exclude_category' value='' id='ewd-ufaq-exclude-category' />
<input type='hidden' name='orderby' value='title' id='ewd-ufaq-orderby' />
<input type='hidden' name='order' value='asc' id='ewd-ufaq-order' />
<input type='hidden' name='post_count' value='-1' id='ewd-ufaq-post-count' />
<input type='hidden' name='current_url' value='/en/wp-json/wp/v2/ufaq/2704' id='ewd-ufaq-current-url' />
	
	
	<div class='ewd-ufaq-faqs'>

		<div  class="ewd-ufaq-faq-div ewd-ufaq-faq-column-count-one ewd-ufaq-faq-responsive-columns- ewd-ufaq-faq-display-style-default ewd-ufaq-can-be-toggled" id='ewd-ufaq-post-2704-YwBwAJYtOS' data-post_id='2704'>

	<div class='ewd-ufaq-faq-title ewd-ufaq-faq-toggle'>
	
	<a class='ewd-ufaq-post-margin'  href='#' role="button">

		<div class='ewd-ufaq-post-margin-symbol ewd-ufaq-'>
			<span >A</span>
		</div>

		<div class='ewd-ufaq-faq-title-text'>

			<h4>
				Les formations peuvent-elles être financées ou prises en charge ?			</h4>

		</div>

		<div class='ewd-ufaq-clear'></div>

	</a>
	
</div>
	
	<div class='ewd-ufaq-faq-body' >

		
			<div class='ewd-ufaq-faq-categories'>
	
	Category:
	
		Inscription &amp; Tarifs
	
</div>
		
			<div class='ewd-ufaq-post-margin ewd-ufaq-faq-post'>
	<p>Oui, toutes nos formations sont éligibles aux cofinancements de l’INFPC. De plus, OFSIP est agréé par le Service National de la Jeunesse (SNJ) pour les formations dispensées dans le secteur de la Jeunesse et de la Petite Enfance, garantissant leur reconnaissance officielle et leur prise en charge.</p>
</div>
		
			
		
			
		
			
		
			
		
			
		
			
		
			
		
			
		
	</div>

</div>
	</div>

	
</div>

<p>A Les formations peuvent-elles être financées ou prises en charge ? Category: Inscription &amp; Tarifs Oui, toutes nos formations sont éligibles aux cofinancements de l’INFPC. De plus, OFSIP est agréé par le Service National de la Jeunesse (SNJ) pour les formations dispensées dans le secteur de la Jeunesse et de la Petite Enfance, garantissant leur [&hellip;]</p>

<!-- This site is optimized with the Yoast SEO plugin v25.4 - https://yoast.com/wordpress/plugins/seo/ -->
<title>Les formations peuvent-elles être financées ou prises en charge ? - OFSIP</title>
<meta name="robots" content="index, follow, max-snippet:-1, max-image-preview:large, max-video-preview:-1" />
<link rel="canonical" href="https://ofsip.lu/en/ufaq/les-formations-peuvent-elles-etre-financees-ou-prises-en-charge/" />
<meta property="og:locale" content="en_GB" />
<meta property="og:type" content="article" />
<meta property="og:title" content="Les formations peuvent-elles être financées ou prises en charge ? - OFSIP" />
<meta property="og:description" content="A Les formations peuvent-elles être financées ou prises en charge ? Category: Inscription &amp; Tarifs Oui, toutes nos formations sont éligibles aux cofinancements de l’INFPC. De plus, OFSIP est agréé par le Service National de la Jeunesse (SNJ) pour les formations dispensées dans le secteur de la Jeunesse et de la Petite Enfance, garantissant leur [&hellip;]" />
<meta property="og:url" content="https://ofsip.lu/en/ufaq/les-formations-peuvent-elles-etre-financees-ou-prises-en-charge/" />
<meta property="og:site_name" content="OFSIP" />
<meta name="twitter:card" content="summary_large_image" />
<script type="application/ld+json" class="yoast-schema-graph">{"@context":"https://schema.org","@graph":[{"@type":"WebPage","@id":"https://ofsip.lu/ufaq/les-formations-peuvent-elles-etre-financees-ou-prises-en-charge/","url":"https://ofsip.lu/ufaq/les-formations-peuvent-elles-etre-financees-ou-prises-en-charge/","name":"Les formations peuvent-elles être financées ou prises en charge ? - OFSIP","isPartOf":{"@id":"https://ofsip.lu/#website"},"datePublished":"2025-08-18T16:49:30+00:00","breadcrumb":{"@id":"https://ofsip.lu/ufaq/les-formations-peuvent-elles-etre-financees-ou-prises-en-charge/#breadcrumb"},"inLanguage":"en-GB","potentialAction":[{"@type":"ReadAction","target":["https://ofsip.lu/ufaq/les-formations-peuvent-elles-etre-financees-ou-prises-en-charge/"]}]},{"@type":"BreadcrumbList","@id":"https://ofsip.lu/ufaq/les-formations-peuvent-elles-etre-financees-ou-prises-en-charge/#breadcrumb","itemListElement":[{"@type":"ListItem","position":1,"name":"Home","item":"https://ofsip.lu/"},{"@type":"ListItem","position":2,"name":"FAQs","item":"https://ofsip.lu/ufaq/"},{"@type":"ListItem","position":3,"name":"Les formations peuvent-elles être financées ou prises en charge ?"}]},{"@type":"WebSite","@id":"https://ofsip.lu/#website","url":"https://ofsip.lu/","name":"OFSIP","description":"Sécuriser l&#039;humain, renforcer l&#039;entreprise","publisher":{"@id":"https://ofsip.lu/#organization"},"potentialAction":[{"@type":"SearchAction","target":{"@type":"EntryPoint","urlTemplate":"https://ofsip.lu/?s={search_term_string}"},"query-input":{"@type":"PropertyValueSpecification","valueRequired":true,"valueName":"search_term_string"}}],"inLanguage":"en-GB"},{"@type":"Organization","@id":"https://ofsip.lu/#organization","name":"OFSIP","url":"https://ofsip.lu/","logo":{"@type":"ImageObject","inLanguage":"en-GB","@id":"https://ofsip.lu/#/schema/logo/image/","url":"https://ofsip.lu/wp-content/uploads/2025/07/Logo-OFSIP-Color-sans-detail.png","contentUrl":"https://ofsip.lu/wp-content/uploads/2025/07/Logo-OFSIP-Color-sans-detail.png","width":486,"height":460,"caption":"OFSIP"},"image":{"@id":"https://ofsip.lu/#/schema/logo/image/"}}]}</script>
<!-- / Yoast SEO plugin. -->

Les formations peuvent-elles être financées ou prises en charge ? - OFSIP

A Les formations peuvent-elles être financées ou prises en charge ? Category: Inscription &amp; Tarifs Oui, toutes nos formations sont éligibles aux cofinancements de l’INFPC. De plus, OFSIP est agréé par le Service National de la Jeunesse (SNJ) pour les formations dispensées dans le secteur de la Jeunesse et de la Petite Enfance, garantissant leur [&hellip;]

Sécuriser l&#039;humain, renforcer l&#039;entreprise
